 - k. Let v = l - -96. Is v prime?
False
Suppose 399 = 3*m - 5*a, m - 3*a - 399 = -2*m. Let h = m + -68. Is h prime?
False
Let o be (-12)/4 + 13 + -1. Suppose b - 4*b = -o. Suppose 0 = -3*g - h + 44, 4*g - 2*g - b*h - 33 = 0. Is g prime?
False
Suppose -2*i + 0*o - 2 = -4*o, -o = -i + 1. Suppose -15 = -i*s + 78. Is s a composite number?
False
Suppose -5*b = m - 2398, -2*b = -b - m - 476. Is b composite?
False
Let b(g) be the second derivative of -17*g**3/3 - g**2/2 - g. Suppose 5 - 2 = -3*o. Is b(o) composite?
True
Let r be 3771/((-7)/2 + 2). Is (4/12)/((-2)/r) a prime number?
True
Let i(z) be the third derivative of z**6/120 + z**4/24 + 31*z**3/6 - 5*z**2. Is i(0) composite?
False
Suppose 9*b = 8*b + 1164. Suppose 0*s - 12 = -3*s, 2*s + b = 4*z. Is z prime?
True
Suppose 2*t - 5*t = 0. Suppose -3*f + 7*f - 16 = t. Is f/14 + 822/14 prime?
True
Let c(a) = a**2 - 2*a. Let m(o) = o**2 - 10*o + 12. Let z be m(9). Is c(z) composite?
False
Suppose 9*o - 1115 = 4492. Is o a prime number?
False
Let z(s) = 2*s**2 - 4*s - 9 - s**2 + 10 + 6. Is z(6) composite?
False
Suppose -3*j = -198 - 435. Is j prime?
True
Is -739*(-3 + 2/1) a composite number?
False
Let h be 70/6 - (-4)/(-6). Let x(t) = -t**2 + 13*t + 15. Is x(h) prime?
True
Is (-850)/(-4) - 6/4 composite?
False
Suppose 4*b + 5*m - 11 = 0, b + 2*m = m + 2. Let y be (b/2)/(5/(-290)). Let n = y + -10. Is n prime?
True
Suppose 6*h + 764 = 10*h. Is h a prime number?
True
Suppose -9 = -3*l + 2*u + 14, -9 = -l + 2*u. Let z = l + 24. Is z a composite number?
False
Let w(u) = 20*u + 15. Is w(14) prime?
False
Suppose -15 = -2*w + 5*o, -2*w - 2*o - 15 = 3*o. Let g = 0 + w. Suppose g*a + 38 = 2*a. Is a a composite number?
False
Suppose 0 = -2*b + 151 + 77. Let f(d) = d**3 - 2*d - 5. Let u be f(-4). Let y = b + u. Is y composite?
False
Suppose -2 = -t + w + 3, 4*t = -w + 20. Suppose 4*d + t*g - 111 = -42, 2*d - 2*g - 48 = 0. Is (2 - d/9)*-177 a prime number?
True
Let q be ((-8)/(-20))/((-1)/(-10)). Suppose -5*p + 49 = v - 27, -q*v = p. Let o = 81 - p. Is o a prime number?
False
Suppose 2*n = 10 - 6. Is (3 + 11)*n/4 prime?
True
Suppose 5*l - 4*w = -51, -2*w + 6 = 2*l + 3*w. Let x = l + 12. Is (x - -2)/(2/4) a composite number?
True
Let f be (-4)/(8/(-10)) - 1. Is 296/f + -3 + 0 a composite number?
False
Suppose 2*g - 5*i - 23 = 0, 2 = -4*i - 10. Suppose g*j + 12 = 2*a, 4*a - 35 - 5 = 4*j. Suppose 2*l = -0 - 8, l = -2*d + a. Is d composite?
True
Let l = -2 + 5. Suppose 3*z - 4*m = -8*m + 31, -z + l*m = 7. Suppose -4*t + 163 = z*n - 0, 5*t + 2*n = 191. Is t prime?
True
Is 72604/84 + 8/(-6) prime?
True
Suppose -2*o + 7 = -9. Suppose 3*u + 13 = -o. Let f = u - -14. Is f a composite number?
False
Is (-4119)/(-9)*2*6/4 a prime number?
True
Let a be -6 + -64 - (1 - 0). Let g(n) = 51*n + 3. Let w be g(-3). Let u = a - w. Is u a prime number?
True
Suppose 0*b - b = -4. Suppose -b*n + 6 = -2. Suppose 5*f - 112 = 4*l - 6, -4*f = -n*l - 86. Is f composite?
True
Let r be (3 - 22/6)*-3. Suppose 547 = 2*s + 3*f, -4*f = 5*s - r*f - 1384. Let t = 469 - s. Is t a prime number?
True
Let g(x) = 3*x**2 + 2 + 3*x + 0*x**2 - x**2. Let p be g(-2). Is -1 + 0 + 176/p a composite number?
False
Let k = -2 + 4. Suppose -32 + 102 = k*g. Is g prime?
False
Let v = 247 - 141. Is v prime?
False
Let r = -4 + 9. Suppose -r*q = -4*l - 485, 5*l - 3*l = 2*q - 196. Is q a composite number?
True
Suppose u = 3*d - 577, -4*d = -3*d + u - 187. Is d prime?
True
Is (-1 + (2526/(-9))/(-1))*3 a prime number?
True
Let z(b) = b**3 + 5*b**2 - 2*b - 2. Let x be z(-5). Suppose -4*a + 12 = -x. Suppose r + 177 = 4*r + 4*s, 3*s = a*r - 295. Is r a composite number?
False
Let w = -244 + 1267. Let t = w - 410. Is t a composite number?
False
Let r(a) = 2*a**3 - a**2 + 17*a + 4. Let g(n) = n**3 + 8*n + 2. Let z(v) = -13*g(v) + 6*r(v). Let q be (-2)/(0 - 1/(-3)). Is z(q) composite?
True
Let z = 356 + -105. Is z composite?
False
Let z be (6/3)/((-2)/(-30)). Is z - 1/(-2)*2 composite?
False
Let f = 61 + -35. Let j(i) = -i + 6. Let s be j(-5). Suppose 3*q - 4*t - 125 = 0, s = 3*t + f. Is q a composite number?
True
Let r be (3 - 1) + -2 - -8. Suppose h = -3*h + r. Suppose h*i = -3*i + 65. Is i a composite number?
False
Is (3/(-3))/(5/(-1655)) a prime number?
True
Let s(r) = r**2 + 3*r - 10. Let c be s(-7). Is 84/c*21/2 a composite number?
True
Suppose -712 = -3*c - 205. Is c prime?
False
Let r(w) = w**3 - w**2 - w + 19. Let s(u) = u**3 - u**2 - 2*u + 18. Let k(v) = 3*r(v) - 2*s(v). Is k(0) prime?
False
Suppose -4*d = -207 - 61. Let p = d - -120. Is p prime?
False
Suppose 5*r = 4*w + 12, 0*w + 4*r - 14 = w. Let f = 5 + w. Is f prime?
True
Let z = -3 + 8. Let m(y) be the third derivative of y**4/24 + y**3/6 + 2*y**2. Is m(z) composite?
True
Let h(z) be the third derivative of 1/12*z**5 + z**2 + 5/6*z**3 + 0 + 1/8*z**4 + 0*z. Is h(-5) a prime number?
False
Let c(q) be the second derivative of q**5/20 - q**4/3 - q**3/3 + 7*q**2/2 - 2*q. Let h(d) = d**3 + 10*d**2 + 8*d - 4. Let b be h(-9). Is c(b) a prime number?
False
Let y(b) = b**2 - 9*b + 10. Suppose 5*w + 3*s = -0*s + 31, 4*s - 28 = -5*w. Let l be y(w). Suppose 43 = -l*n + 273. Is n prime?
False
Let q(x) = 43 - 2*x + x + 0. Suppose 3*m = -m. Is q(m) a composite number?
False
Let q(j) = j**2 - 5*j - 2. Suppose 5*z - 23 = 2. Let i be q(z). Is i + (1 - 54*-1) composite?
False
Suppose 0 - 4 = 2*b. Is ((-2)/(-1))/b - -206 a prime number?
False
Suppose -5*g - 951 = -2686. Is g a prime number?
True
Let t(p) = -p - 6. Let w be t(5). Is w/((-8)/(-10) - 1) prime?
False
Let p = -2 - -4. Let z = p - 2. Is -39*(z - 3/9) composite?
False
Suppose 0 = 2*r + j - 9, 5*r + 0*r = 2*j. Suppose 287 + 135 = r*y. Is y a prime number?
True
Let c = 25 - -8. Suppose v = 2*h + 19, -h + c = 2*v - 4*h. Is ((-330)/v)/((-4)/6) a composite number?
True
Is -6 + 7 - (-22 + 0) a prime number?
True
Let h be (-3)/((-6)/4 + 2). Is (h/4)/((-10)/140) a composite number?
True
Is 1 + 1174 + 2 + -9 + 3 composite?
False
Let y(m) = 373*m**2 - 2*m + 1. Let j be y(1). Suppose -4*a + 107 + 71 = 2*p, -4*p + j = 4*a. Is p prime?
True
Suppose 2*i = o + 3*o - 10, 4*i - 1 = o. Let y(l) = 32*l**2 + 3*l + 4. Is y(o) a prime number?
False
Let g = -150 + -85. Let i = -114 - g. Is i a composite number?
True
Suppose -2*n + 4*d + 14 = 0, 0*d + 4 = -2*n - 2*d. Let m be -1*(-1)/(1/31). Suppose 3*z = m - n. Is z a composite number?
True
Is ((-4)/((-4)/(-449)))/((-6)/6) a prime number?
True
Let b = 89 + -188. Let o = b + 491. Suppose 83 + o = 5*f. Is f a prime number?
False
Suppose -3*k - 2*w + 237 = 0, -k + w = -43 - 36. Is k composite?
False
Suppose -4 = -3*x + 2. Let r = 29 + x. Is r a composite number?
False
Let v(p) = p**2 - 4*p + 4. Let r be v(4). Suppose r*g = -g + 115. Is g a composite number?
False
Suppose -2*j + 18 = -5*j. Let a be (-14)/(-21) - (-4)/j. Suppose -7*s + 9*s - 422 = a. Is s composite?
False
Suppose -2*x + 4 = 4*v - 6*x, 0 = -2*v - 3*x + 2. Suppose 18 = g - 4*t - v, 4*g = -t + 8. Suppose -4 = j - g*j, 4*f - 360 = 2*j. Is f a composite number?
True
Let s(g) = g**2 - 4. Let n be s(3). Let f = -12 + 17. Suppose -f*t + 130 = 5*r, n*t = 5*r - r + 85. Is t a prime number?
False
Suppose -2*y + b = -11, 5*b - b - 16 = -4*y. Suppose -5*p - 3*k - 248 = 0, -y*p + 6*k - 3*k - 272 = 0. Let f = -27 - p. Is f a prime number?
False
Suppose 3*y = -8*y + 24574. Is y a prime number?
False
Suppose -5*k = -2*n - 15, 4*n + 1 = 21. Suppose 2*o + k*h + 361 = 5*o, -2*h = -3*o + 373. Is o prime?
True
Let n(j) = j**3 - 7*j**2 + j - 7. Let y be n(7). Let i = y - -2. Suppose g - 75 = 5*q, -i*g = 2*g - 4*q - 236. Is g composite?
True
Suppose -5*t + 36 = t. Suppose -k = -t*k + 725. Is k a composite number?
True
Let x(v) = -v**3 - 2*v**2 + 4*v - 5. Let a be x(-4). Suppose 46 + a = j. Is j prime?
False
Suppose -2*g + 5*g - 4*l = 155, 4*g - 5*l = 207. Is g composite?
False
Is (-276)/18*30/(-4) a prime number?
False
Let g be (-4)/(-5)*(-15)/6. Let f = g + 7. Suppose 0*d + 155 = f*d. Is d composite?
False
Suppose -4*r + 6 = -2*r. Let g = 4 + r. Is g a prime number?
True
Let i be (1 + 17)/(-2 - -4). Let x = -5 + i. Suppose 2*n - x*n = -518. Is n a composite number?
True
Let c = 163 + -91. Suppose 0 = -s - 2*s - c. Let l = 61 + s. Is l a composite number?
False
Let o(z) = 4*z + 4. Let x be o(-4). Let b